s the remainder when 9581 is divided by 60?
41
What is the remainder when 332941 is divided by 28?
21
What is the remainder when 50587 is divided by 36?
7
Calculate the remainder when 158 is divided by 81.
77
What is the remainder when 9643 is divided by 963?
13
What is the remainder when 23230 is divided by 3318?
4
Calculate the remainder when 562797 is divided by 37519.
12
Calculate the remainder when 54498 is divided by 6811.
10
What is the remainder when 1496 is divided by 269?
151
What is the remainder when 2835 is divided by 157?
9
What is the remainder when 1650 is divided by 378?
138
Calculate the remainder when 54281 is divided by 87.
80
Calculate the remainder when 25394 is divided by 23.
2
What is the remainder when 4907419 is divided by 333?
331
What is the remainder when 165521 is divided by 135?
11
What is the remainder when 38206 is divided by 15?
1
What is the remainder when 5319 is divided by 1771?
6
What is the remainder when 3720 is divided by 1182?
174
What is the remainder when 3052925 is divided by 173?
167
What is the remainder when 6577 is divided by 2177?
46
Calculate the remainder when 48663 is divided by 72.
63
Calculate the remainder when 9134 is divided by 29.
28
What is the remainder when 3274 is divided by 94?
78
What is the remainder when 62047 is divided by 6893?
10
What is the remainder when 15403 is divided by 280?
3
What is the remainder when 2615 is divided by 69?
62
Calculate the remainder when 15465 is divided by 60.
45
Calculate the remainder when 1588 is divided by 1490.
98
What is the remainder when 10470 is divided by 38?
20
What is the remainder when 87138 is divided by 2125?
13
What is the remainder when 18857 is divided by 9421?
15
What is the remainder when 32534 is divided by 112?
54
What is the remainder when 95006 is divided by 841?
814
What is the remainder when 74843 is divided by 53?
7
Calculate the remainder when 5295 is divided by 220.
15
Calculate the remainder when 21143 is divided by 399.
395
Calculate the remainder when 5358 is divided by 1713.
219
Calculate the remainder when 1595428 is divided by 135.
133
Calculate the remainder when 12050 is divided by 4015.
5
What is the remainder when 32022 is divided by 6403?
7
What is the remainder when 60441 is divided by 85?
6
What is the remainder when 680 is divided by 13?
4
What is the remainder when 270405 is divided by 9657?
9
Calculate the remainder when 2428 is divided by 30.
28
What is the remainder when 11184 is divided by 3427?
903
What is the remainder when 42207 is divided by 4145?
757
What is the remainder when 179153 is divided by 469?
464
What is the remainder when 620338 is divided by 2110?
2108
Calculate the remainder when 36071 is divided by 6010.
11
Calculate the remainder when 4037 is divided by 1591.
855
Calculate the remainder when 441948 is divided by 1412.
1404
What is the remainder when 425106 is divided by 183?
180
Calculate the remainder when 17920 is divided by 68.
36
What is the remainder when 367511 is divided by 2588?
15
What is the remainder when 210045 is divided by 52?
17
What is the remainder when 636423 is divided by 79?
78
Calculate the remainder when 256139 is divided by 178.
175
What is the remainder when 12981 is divided by 12?
9
Calculate the remainder when 109722 is divided by 54850.
22
Calculate the remainder when 33364 is divided by 375.
364
What is the remainder when 147877 is divided by 238?
79
What is the remainder when 19748 is divided by 3893?
283
What is the remainder when 1352 is divided by 107?
68
What is the remainder when 8988 is divided by 130?
18
What is the remainder when 91 is divided by 60?
31
What is the remainder when 14033 is divided by 242?
239
Calculate the remainder when 1572183 is divided by 462.
459
Calculate the remainder when 3817 is divided by 382.
379
Calculate the remainder when 424323 is divided by 480.
3
What is the remainder when 18092 is divided by 193?
143
What is the remainder when 8571 is divided by 700?
171
Calculate the remainder when 421101 is divided by 29.
21
What is the remainder when 213628 is divided by 392?
380
What is the remainder when 271115 is divided by 67760?
75
What is the remainder when 27083 is divided by 90?
83
Calculate the remainder when 11709 is divided by 532.
5
Calculate the remainder when 2049 is divided by 305.
219
Calculate the remainder when 4783 is divided by 649.
240
Calculate the remainder when 147483 is divided by 61.
46
Calculate the remainder when 26604 is divided by 8829.
117
Calculate the remainder when 116810 is divided by 4171.
22
What is the remainder when 5849 is divided by 488?
481
Calculate the remainder when 1028 is divided by 299.
131
Calculate the remainder when 67642 is divided by 36.
34
Calculate the remainder when 195359 is divided by 370.
369
What is the remainder when 24290 is divided by 225?
215
What is the remainder when 2995 is divided by 27?
25
Calculate the remainder when 8618 is divided by 48.
26
Calculate the remainder when 100189 is divided by 4355.
24
What is the remainder when 5536 is divided by 213?
211
Calculate the remainder when 6282 is divided by 1255.
7
What is the remainder when 9564 is divided by 147?
9
What is the remainder when 966 is divided by 11?
9
What is the remainder when 24081 is divided by 9?
6
Calculate the remainder when 15942 is divided by 3177.
57
Calculate the remainder when 63232 is divided by 260.
52
What is the remainder when 51377 is divided by 24?
17
What is the remainder when 912 is divided by 31?
13
Calculate the remainder when 8559 is divided by 77.
12
Calculate the remainder when 9170 is divided by 787.
513
Calculate the remainder when 3552 is divided by 297.
285
Calculate the remainder when 25414 is divided by 12696.
22
Calculate the remainder when 21341 is divided by 7113.
2
What is the remainder when 22694 is divided by 2060?
34
Calculate the remainder when 82963 is divided by 4608.
19
What is the remainder when 105705 is divided by 39?
15
What is the remainder when 1441 is divided by 738?
703
Calculate the remainder when 58728 is divided by 29274.
180
What is the remainder when 2008424 is divided by 1525?
1524
What is the remainder when 1324 is divided by 386?
166
Calculate the remainder when 209598 is divided by 80.
78
What is the remainder when 9470 is divided by 590?
30
What is the remainder when 3087 is divided by 207?
189
Calculate the remainder when 190960 is divided by 226.
216
Calculate the remainder when 58955 is divided by 70.
15
Calculate the remainder when 5561 is divided by 25.
11
What is the remainder when 40646 is divided by 13411?
413
What is the remainder when 666696 is divided by 166674?
0
Calculate the remainder when 19399 is divided by 3879.
4
What is the remainder when 2580 is divided by 515?
5
Calculate the remainder when 480651 is divided by 133.
122
What is the remainder when 71436 is divided by 559?
443
Calculate the remainder when 331998 is divided by 12.
6
What is the remainder when 55193 is divided by 211?
122
Calculate the remainder when 574180 is divided by 98.
96
What is the remainder when 34687 is divided by 5702?
475
What is the remainder when 2533 is divided by 11?
3
Calculate the remainder when 6018 is divided by 599.
28
Calculate the remainder when 3546 is divided by 322.
4
What is the remainder when 972 is divided by 105?
27
What is the remainder when 17873 is divided by 109?
106
What is the remainder when 544 is divided by 61?
56
What is the remainder when 56545 is divided by 870?
865
Calculate the remainder when 6647 is divided by 1932.
851
What is the remainder when 32792 is divided by 12?
8
What is the remainder when 2845 is divided by 600?
445
What is the remainder when 466 is divided by 27?
7
What is the remainder when 1893 is divided by 225?
93
What is the remainder when 64720 is divided by 21563?
31
What is the remainder when 13624 is divided by 1141?
1073
What is the remainder when 149137 is divided by 227?
225
Calculate the remainder when 5358 is divided by 242.
34
Calculate the remainder when 1175 is divided by 965.
210
What is the remainder when 471890 is divided by 94373?
25
What is the remainder when 1073 is divided by 61?
36
What is the remainder when 8578 is divided by 13?
11
What is the remainder when 1385 is divi